{"id":354,"date":"2021-04-10T23:08:33","date_gmt":"2021-04-10T21:08:33","guid":{"rendered":"https:\/\/ljmtl.fr\/?page_id=354"},"modified":"2023-03-06T10:02:44","modified_gmt":"2023-03-06T09:02:44","slug":"mentions-legales","status":"publish","type":"page","link":"https:\/\/ljmtl.fr\/?page_id=354","title":{"rendered":"Mentions L\u00e9gales"},"content":{"rendered":"\n<h2 class=\"wp-block-heading\">Mentions L\u00e9gales<\/h2>\n\n\n\n<p>Statut : Entreprise individuelle<br>Nom : Anna Lejemmetel | LJMTL<br>Adresse : Hameau \u00e8s Mi\u00e8res 50440 La Hague<br>SIRET :\u00a0 883 288 219 00024<br>Adresse de courrier \u00e9lectronique : anna(at)ljmtl.fr<br>Webmaster : Rapha\u00ebl Narayanin Ramaye<br>Responsable de la publication : Anna Lejemmetel<br>H\u00e9bergeur : LWS panel<\/p>\n","protected":false},"excerpt":{"rendered":"<p>Mentions L\u00e9gales Statut : Entreprise individuelleNom : Anna Lejemmetel | LJMTLAdresse : Hameau \u00e8s Mi\u00e8res 50440 La HagueSIRET :\u00a0 883 288 219 00024Adresse de courrier \u00e9lectronique : anna(at)ljmtl.frWebmaster : Rapha\u00ebl Narayanin RamayeResponsable de la publication : Anna LejemmetelH\u00e9bergeur : LWS panel<\/p>\n","protected":false},"author":2,"featured_media":0,"parent":0,"menu_order":0,"comment_status":"closed","ping_status":"closed","template":"","meta":{"footnotes":""},"class_list":["post-354","page","type-page","status-publish","hentry"],"yoast_head":"<!-- This site is optimized with the Yoast SEO plugin v16.1.1 - https:\/\/yoast.com\/wordpress\/plugins\/seo\/ -->\n<title>Mentions L\u00e9gales - LJMTL<\/title>\n<link rel=\"canonical\" href=\"https:\/\/ljmtl.fr\/?page_id=354\" \/>\n<meta property=\"og:locale\" content=\"fr_FR\" \/>\n<meta property=\"og:type\" content=\"article\" \/>\n<meta property=\"og:title\" content=\"Mentions L\u00e9gales - LJMTL\" \/>\n<meta property=\"og:description\" content=\"Mentions L\u00e9gales Statut : Entreprise individuelleNom : Anna Lejemmetel | LJMTLAdresse : Hameau \u00e8s Mi\u00e8res 50440 La HagueSIRET :\u00a0 883 288 219 00024Adresse de courrier \u00e9lectronique : anna(at)ljmtl.frWebmaster : Rapha\u00ebl Narayanin RamayeResponsable de la publication : Anna LejemmetelH\u00e9bergeur : LWS panel\" \/>\n<meta property=\"og:url\" content=\"https:\/\/ljmtl.fr\/?page_id=354\" \/>\n<meta property=\"og:site_name\" content=\"LJMTL\" \/>\n<meta property=\"article:modified_time\" content=\"2023-03-06T09:02:44+00:00\" \/>\n<meta name=\"twitter:card\" content=\"summary_large_image\" \/>\n<meta name=\"twitter:label1\" content=\"Dur\u00e9e de lecture est.\">\n\t<meta name=\"twitter:data1\" content=\"1 minute\">\n<script type=\"application\/ld+json\" class=\"yoast-schema-graph\">{\"@context\":\"https:\/\/schema.org\",\"@graph\":[{\"@type\":\"WebSite\",\"@id\":\"https:\/\/ljmtl.fr\/#website\",\"url\":\"https:\/\/ljmtl.fr\/\",\"name\":\"LJMTL\",\"description\":\"\\u00c9ditions de livres d\\u2019artiste\",\"potentialAction\":[{\"@type\":\"SearchAction\",\"target\":\"https:\/\/ljmtl.fr\/?s={search_term_string}\",\"query-input\":\"required name=search_term_string\"}],\"inLanguage\":\"fr-FR\"},{\"@type\":\"WebPage\",\"@id\":\"https:\/\/ljmtl.fr\/?page_id=354#webpage\",\"url\":\"https:\/\/ljmtl.fr\/?page_id=354\",\"name\":\"Mentions L\\u00e9gales - LJMTL\",\"isPartOf\":{\"@id\":\"https:\/\/ljmtl.fr\/#website\"},\"datePublished\":\"2021-04-10T21:08:33+00:00\",\"dateModified\":\"2023-03-06T09:02:44+00:00\",\"breadcrumb\":{\"@id\":\"https:\/\/ljmtl.fr\/?page_id=354#breadcrumb\"},\"inLanguage\":\"fr-FR\",\"potentialAction\":[{\"@type\":\"ReadAction\",\"target\":[\"https:\/\/ljmtl.fr\/?page_id=354\"]}]},{\"@type\":\"BreadcrumbList\",\"@id\":\"https:\/\/ljmtl.fr\/?page_id=354#breadcrumb\",\"itemListElement\":[{\"@type\":\"ListItem\",\"position\":1,\"item\":{\"@type\":\"WebPage\",\"@id\":\"https:\/\/ljmtl.fr\/\",\"url\":\"https:\/\/ljmtl.fr\/\",\"name\":\"Accueil\"}},{\"@type\":\"ListItem\",\"position\":2,\"item\":{\"@type\":\"WebPage\",\"@id\":\"https:\/\/ljmtl.fr\/?page_id=354\",\"url\":\"https:\/\/ljmtl.fr\/?page_id=354\",\"name\":\"Mentions L\\u00e9gales\"}}]}]}<\/script>\n<!-- \/ Yoast SEO plugin. -->","_links":{"self":[{"href":"https:\/\/ljmtl.fr\/index.php?rest_route=\/wp\/v2\/pages\/354","targetHints":{"allow":["GET"]}}],"collection":[{"href":"https:\/\/ljmtl.fr\/index.php?rest_route=\/wp\/v2\/pages"}],"about":[{"href":"https:\/\/ljmtl.fr\/index.php?rest_route=\/wp\/v2\/types\/page"}],"author":[{"embeddable":true,"href":"https:\/\/ljmtl.fr\/index.php?rest_route=\/wp\/v2\/users\/2"}],"replies":[{"embeddable":true,"href":"https:\/\/ljmtl.fr\/index.php?rest_route=%2Fwp%2Fv2%2Fcomments&post=354"}],"version-history":[{"count":6,"href":"https:\/\/ljmtl.fr\/index.php?rest_route=\/wp\/v2\/pages\/354\/revisions"}],"predecessor-version":[{"id":828,"href":"https:\/\/ljmtl.fr\/index.php?rest_route=\/wp\/v2\/pages\/354\/revisions\/828"}],"wp:attachment":[{"href":"https:\/\/ljmtl.fr\/index.php?rest_route=%2Fwp%2Fv2%2Fmedia&parent=354"}],"curies":[{"name":"wp","href":"https:\/\/api.w.org\/{rel}","templated":true}]}}