{"id":166,"date":"2021-03-22T22:41:12","date_gmt":"2021-03-22T21:41:12","guid":{"rendered":"https:\/\/ljmtl.fr\/?post_type=product&#038;p=166"},"modified":"2021-04-16T16:37:49","modified_gmt":"2021-04-16T14:37:49","slug":"cliches","status":"publish","type":"product","link":"https:\/\/ljmtl.fr\/?product=cliches","title":{"rendered":"Clich\u00e9s"},"content":{"rendered":"<p>Plut\u00f4t que de taper un mot pour effectuer une recherche sur Google, il est possible d\u2019y glisser directement une image. En s\u2019amusant avec cette fonctionnalit\u00e9, l\u2019artiste s\u2019est vue confront\u00e9e \u00e0 l\u2019universalit\u00e9 qu\u2019impose le m\u00e9dium photographique dans un contexte touristique : le lieu de la prise de vue d\u2019une de ses photographies, pourtant prise en argentique, a \u00e9t\u00e9 localis\u00e9 par le moteur de recherche.<\/p>\n<p>Cet album de vacances confronte ses photographies touristiques avec leurs premi\u00e8res images similaires propos\u00e9es par la \u00ab recherche par image \u00bb de Google.<\/p>\n","protected":false},"excerpt":{"rendered":"<p>Exemplaires num\u00e9rot\u00e9s<\/p>\n","protected":false},"featured_media":381,"comment_status":"open","ping_status":"closed","template":"","meta":[],"class_list":{"0":"post-166","1":"product","2":"type-product","3":"status-publish","4":"has-post-thumbnail","6":"product_cat-livres","7":"product_tag-album-photo","8":"product_tag-anna-lejemmetel","9":"product_tag-cliches","10":"product_tag-google","11":"product_tag-google-image","12":"product_tag-images-similaires","13":"product_tag-photo-de-vacances","14":"product_tag-recherche-par-images","15":"product_shipping_class-500g","17":"first","18":"instock","19":"shipping-taxable","20":"purchasable","21":"product-type-simple"},"yoast_head":"<!-- This site is optimized with the Yoast SEO plugin v16.1.1 - https:\/\/yoast.com\/wordpress\/plugins\/seo\/ -->\n<title>Clich\u00e9s - LJMTL<\/title>\n<link rel=\"canonical\" href=\"https:\/\/ljmtl.fr\/?product=cliches\" \/>\n<meta property=\"og:locale\" content=\"fr_FR\" \/>\n<meta property=\"og:type\" content=\"article\" \/>\n<meta property=\"og:title\" content=\"Clich\u00e9s - LJMTL\" \/>\n<meta property=\"og:description\" content=\"Exemplaires num\u00e9rot\u00e9s\" \/>\n<meta property=\"og:url\" content=\"https:\/\/ljmtl.fr\/?product=cliches\" \/>\n<meta property=\"og:site_name\" content=\"LJMTL\" \/>\n<meta property=\"article:modified_time\" content=\"2021-04-16T14:37:49+00:00\" \/>\n<meta property=\"og:image\" content=\"https:\/\/ljmtl.fr\/wp-content\/uploads\/2021\/04\/LJMTL-CLICHES-01-vignette.jpg\" \/>\n\t<meta property=\"og:image:width\" content=\"1350\" \/>\n\t<meta property=\"og:image:height\" content=\"926\" \/>\n<meta name=\"twitter:card\" content=\"summary_large_image\" \/>\n<meta name=\"twitter:label1\" content=\"Dur\u00e9e de lecture est.\">\n\t<meta name=\"twitter:data1\" content=\"1 minute\">\n<script type=\"application\/ld+json\" class=\"yoast-schema-graph\">{\"@context\":\"https:\/\/schema.org\",\"@graph\":[{\"@type\":\"WebSite\",\"@id\":\"https:\/\/ljmtl.fr\/#website\",\"url\":\"https:\/\/ljmtl.fr\/\",\"name\":\"LJMTL\",\"description\":\"\\u00c9ditions de livres d\\u2019artiste\",\"potentialAction\":[{\"@type\":\"SearchAction\",\"target\":\"https:\/\/ljmtl.fr\/?s={search_term_string}\",\"query-input\":\"required name=search_term_string\"}],\"inLanguage\":\"fr-FR\"},{\"@type\":\"ImageObject\",\"@id\":\"https:\/\/ljmtl.fr\/?product=cliches#primaryimage\",\"inLanguage\":\"fr-FR\",\"url\":\"https:\/\/ljmtl.fr\/wp-content\/uploads\/2021\/04\/LJMTL-CLICHES-01-vignette.jpg\",\"contentUrl\":\"https:\/\/ljmtl.fr\/wp-content\/uploads\/2021\/04\/LJMTL-CLICHES-01-vignette.jpg\",\"width\":1350,\"height\":926,\"caption\":\"Clich\\u00e9s | Anna Lejemmetel | livre\"},{\"@type\":\"WebPage\",\"@id\":\"https:\/\/ljmtl.fr\/?product=cliches#webpage\",\"url\":\"https:\/\/ljmtl.fr\/?product=cliches\",\"name\":\"Clich\\u00e9s - LJMTL\",\"isPartOf\":{\"@id\":\"https:\/\/ljmtl.fr\/#website\"},\"primaryImageOfPage\":{\"@id\":\"https:\/\/ljmtl.fr\/?product=cliches#primaryimage\"},\"datePublished\":\"2021-03-22T21:41:12+00:00\",\"dateModified\":\"2021-04-16T14:37:49+00:00\",\"breadcrumb\":{\"@id\":\"https:\/\/ljmtl.fr\/?product=cliches#breadcrumb\"},\"inLanguage\":\"fr-FR\",\"potentialAction\":[{\"@type\":\"ReadAction\",\"target\":[\"https:\/\/ljmtl.fr\/?product=cliches\"]}]},{\"@type\":\"BreadcrumbList\",\"@id\":\"https:\/\/ljmtl.fr\/?product=cliches#breadcrumb\",\"itemListElement\":[{\"@type\":\"ListItem\",\"position\":1,\"item\":{\"@type\":\"WebPage\",\"@id\":\"https:\/\/ljmtl.fr\/\",\"url\":\"https:\/\/ljmtl.fr\/\",\"name\":\"Accueil\"}},{\"@type\":\"ListItem\",\"position\":2,\"item\":{\"@type\":\"WebPage\",\"@id\":\"https:\/\/ljmtl.fr\/\",\"url\":\"https:\/\/ljmtl.fr\/\",\"name\":\"Livres\"}},{\"@type\":\"ListItem\",\"position\":3,\"item\":{\"@type\":\"WebPage\",\"@id\":\"https:\/\/ljmtl.fr\/?product=cliches\",\"url\":\"https:\/\/ljmtl.fr\/?product=cliches\",\"name\":\"Clich\\u00e9s\"}}]}]}<\/script>\n<!-- \/ Yoast SEO plugin. -->","_links":{"self":[{"href":"https:\/\/ljmtl.fr\/index.php?rest_route=\/wp\/v2\/product\/166","targetHints":{"allow":["GET"]}}],"collection":[{"href":"https:\/\/ljmtl.fr\/index.php?rest_route=\/wp\/v2\/product"}],"about":[{"href":"https:\/\/ljmtl.fr\/index.php?rest_route=\/wp\/v2\/types\/product"}],"replies":[{"embeddable":true,"href":"https:\/\/ljmtl.fr\/index.php?rest_route=%2Fwp%2Fv2%2Fcomments&post=166"}],"wp:featuredmedia":[{"embeddable":true,"href":"https:\/\/ljmtl.fr\/index.php?rest_route=\/wp\/v2\/media\/381"}],"wp:attachment":[{"href":"https:\/\/ljmtl.fr\/index.php?rest_route=%2Fwp%2Fv2%2Fmedia&parent=166"}],"curies":[{"name":"wp","href":"https:\/\/api.w.org\/{rel}","templated":true}]}}